4*q**2 - 13*q. Let w(u) = u**2 - 1. Let b(z) = l(z) + 3*w(z). Let r(v) = -5*b(v) - 6*t(v). Calculate r(5).
-7
Let h = 9 + -10. Let j(z) be the first derivative of 1 - 9/4*z**4 + z + 0*z**2 - 2/3*z**3. Give j(h).
8
Let r(c) be the second derivative of -c**3/2 + c**2/2 + 2*c. Give r(-2).
7
Let k(w) = 8*w**2 + 3*w + 16. Let z(o) = -7*o**2 - 4*o - 15. Let t(y) = 6*k(y) + 7*z(y). What is t(-8)?
7
Let g be (-2)/(-5) - 16/(-10). Suppose 1 = g*v - 2*m + 5, -4 = 4*m. Let o(c) = -c**3 - 2*c**2 + 2*c. What is o(v)?
3
Suppose -4*o + 14 = -3*j, -12 = -5*j + 3*o - 39. Let p(n) = n + 1. Determine p(j).
-5
Let p(i) = -2*i + 1. Suppose -z + 5*h = 5, 2*h - 3 = -5*z + 26. Let t = z + -1. Let c = 5 - t. Determine p(c).
-1
Let c = -24 - -26. Let t(u) = -2*u**3 + u. Determine t(c).
-14
Suppose -7 = z - 3*l, 5*z + 0*z + 4*l = 22. Suppose 4*d = 4*i + 20, z*i + d + 13 = -3*i. Let q(c) = -2*c + 2 + 3*c - 3*c + 0*c. Calculate q(i).
8
Suppose 5*y = 3*g - 43, 2*y - 3*g + 15 = -4*g. Let i = -12 - y. Let d = -6 - i. Let q(l) = l**2 + l + 2. Determine q(d).
4
Let p(r) = r**2 + 4*r + 4. Let w be 10/4*(-32)/20. Determine p(w).
4
Let c(q) = -q**2 - 7*q + 8. Let y(i) = -9*i + 2. Let x be y(1). Calculate c(x).
8
Let j be (4/(-8))/((-2)/16). Suppose -108 = -4*w - n, j*w + 0*w - 84 = 5*n. Suppose -2*d + 0*b = -b + 8, 3*d + w = 5*b. Let s(h) = 2*h**2 + 2*h. Calculate s(d).
4
Let u(o) = -o. Let b(q) = -4*q + 19. Let p(v) = b(v) - 3*u(v). Calculate p(0).
19
Let a(w) = -3*w**3 + w**2 - w + 1. Let k(x) = -7*x**3 + 2*x**2 - 1. Let r be k(1). Let g(v) = -v**3 - 5*v**2 + 6*v + 1. Let o be g(r). Calculate a(o).
-2
Let i(f) = f**2 - 5*f + 6. Suppose -4*z - 2 = -3*g - 6, -g - 4 = -2*z. Give i(g).
2
Suppose 20 = 4*p - 4*f - 0, 2*p - 5*f - 25 = 0. Let l(b) = 1 - b**2 + p*b**2 + 3*b - 2*b + 2. Give l(-3).
-9
Let k(p) = p**2 - 4*p + 2. Let h be k(4). Suppose 2 = 2*l - h*o, 4 = o + o. Let j(q) = 4 + q**3 + l*q**2 + q + 3 - 3. Determine j(-3).
1
Let v(j) = j + 6. Let d = 14 - 14. Calculate v(d).
6
Let g(y) = -y**2 - 3*y - 1. Let d(o) = 0*o**2 + 3 - o**2 - 4 - 3*o. Let t(h) = -5*d(h) + 4*g(h). Give t(-3).
1
Let j(s) = 2*s. Suppose 0 = a - y - y - 3, -5*a - 5*y = 15. Calculate j(a).
-2
Let t(d) = 2*d + 6. Suppose -2*r + 13 = 1. Suppose 3*u + 6 + r = 0. Let w = u + 0. What is t(w)?
-2
Let p = -96 - -91. Let r(y) = -y**2 + 2. What is r(p)?
-23
Let l(p) = p + 12. Let f(m) = -2*m - 23. Let b(i) = 3*f(i) + 5*l(i). Let a(s) = s - 6. Let h be a(6). Determine b(h).
-9
Let b(f) = -13*f - 11. Let j(r) = 3*r + 3. Let w = 8 - 10. Let p(h) = w*b(h) - 9*j(h). What is p(0)?
-5
Let a(h) = h**3 + 3*h**2 + 7*h - 6. Let d(l) = l**3 + 2*l**2 + 5*l - 5. Let q(t) = -4*a(t) + 5*d(t). Suppose 2*p - 9 = -p. What is q(p)?
-1
Suppose 4*v + 50 = 2*a, a = -4*a + v + 134. Let b be (-6)/a - (-102)/(-27). Let i(r) = r**2 + 5*r + 2. Give i(b).
-2
Suppose j + 2*j - 6 = 0. Let t(i) be the first derivative of -1 + i**3 + i**j + 3*i + 1/2*i**4. Calculate t(-2).
-5
Let v be (1/1)/(7 - 6)*0. Let r(u) = u + 10. Let d(s) = s + 9. Let t(z) = -7*d(z) + 6*r(z). Determine t(v).
-3
Let i be ((-2)/(-3))/(1/9). Suppose -i = -2*u - 0*u. Let g(p) = -2 + 3*p - 2*p**2 + p - 1. Give g(u).
-9
Let m(d) be the third derivative of 0*d + 0 + d**2 + 1/60*d**5 + 7/24*d**4 + 2/3*d**3. Suppose -2*b + 5*y = -14, 6 + 11 = b - 5*y. Determine m(b).
-8
Let y(j) be the third derivative of -1/120*j**6 + 1/2*j**3 + 5/24*j**4 + 0*j + 0 + 1/20*j**5 - 5*j**2. Calculate y(4).
7
Let s(n) be the second derivative of 3*n**4/4 + n**3/6 + n**2/2 + 3*n. What is s(-1)?
9
Let c(k) = 4*k + 6. Let g(z) = -8 + 6 + 0 - 2 + z. Let h(t) = -t + 6. Let b be h(6). Let p be g(b). Give c(p).
-10
Let a(w) = 2 - 5 - 2 - w - w**2. Let p = 0 + 0. Suppose -4*h + l - 1 = -p, -4*l + 4 = -5*h. Calculate a(h).
-5
Let s(v) = -4*v**2 - 14*v - 1 + 14*v. Calculate s(1).
-5
Let b(v) = -v**2 - 2*v - 2. Let a be b(-2). Let k(w) be the first derivative of -3*w - 2*w + 6*w + w**2 + 1. Calculate k(a).
-3
Suppose 4*z - z - 12 = 0. Let y(f) = -5*f + 3. What is y(z)?
-17
Let w(g) be the second derivative of -3*g + 0 - g**2 + 1/6*g**3. Determine w(4).
2
Suppose 5*c - 20 = c. Let z(b) = b**3 - b**2. Let f(s) = s - 5. Let j be f(8). Let i(o) = -4*o**3 + 9*o**2 - 5*o - 3. Let q(y) = j*z(y) + i(y). Determine q(c).
-3
Suppose 17*g - 65 = 4*g. Let o(b) be the third derivative of b**5/60 - 5*b**4/24 + b**3 + b**2. Determine o(g).
6
Suppose 10 + 0 = 2*q. Let x(p) be the first derivative of -p**2/2 - 3. Let s(w) = -w**3 + 4*w**2 + 9*w + 3. Let m(f) = s(f) + 4*x(f). What is m(q)?
3
Suppose -4*q + 19 + 5 = 0. Let v(n) be the third derivative of n**5/60 - 5*n**4/24 - 2*n**3/3 + 15*n**2. What is v(q)?
2
Let p(u) = u**3 + u**2 + u + 1. Suppose 0 = -38*z + 32*z + 12. Determine p(z).
15
Let f(t) = 67*t**3 + 67*t**3 - 121*t**3. Determine f(-1).
-13
Let s be (3 + -2)/(0 + -1). Let p(r) = -9*r**3 - r**2. Give p(s).
8
Let v be (25/15 + -3)/((-2)/6). Let i(y) be the first derivative of -4/3*y**3 + 1 - 1/4*y**v + 7/2*y**2 + 3*y. Calculate i(-5).
-7
Let o = -9 + 13. Suppose 10 = i - 3*p + 22, 0 = o*i - 5*p + 13. Let y(u) = u - 2. Calculate y(i).
1
Suppose z = -4*z + 365. Suppose 4*a = 5*r + z, r = -2*r - 15. Suppose 4*k - 8 = a. Let d(w) = w**2 - 6*w + 5. Calculate d(k).
0
Let t(r) = r**3 + r**2 - r + 1. Let q = 90 + -89. What is t(q)?
2
Let g(a) be the second derivative of -a**4/12 - 5*a**3/3 - 3*a**2/2 + 2*a. Let d(r) = -r**2 - 11*r - 4. Let u(w) = -4*d(w) + 5*g(w). Calculate u(-5).
6
Let h(g) = 6 - 17 + 10 + 4*g**3 + 2. Let n(l) = -l**2 - 7*l - 5. Let x be n(-6). Determine h(x).
5
Suppose -4*w - w = 15. Let x(z) be the first derivative of -z**3/3 + 11. Calculate x(w).
-9
Let g(n) = n**3 - 4*n**2 + n + 2. Suppose 2*m = -4*j + 16, 3*m + 2 - 8 = 0. Suppose 5*p = -j*w + 19, 5*w = -3*p - 2*p + 25. Determine g(w).
-4
Let s(y) be the third derivative of -y**4/24 - 5*y**3/3 + 23*y**2. Give s(-5).
-5
Let p be (-16)/(-20)*(-10)/(-4). Let c(j) = 2*j**3 - 4*j**2 - 2*j + 4. Let q(d) = -d**3 + 2*d**2 + d - 2. Let w(g) = 2*c(g) + 5*q(g). What is w(p)?
0
Let o(y) = -y + 5. Let t = -22 + 33. Let a be o(t). Let z(m) = 6*m - m + m**2 - 3 - 2*m + 2*m. Determine z(a).
3
Let t = 12 + -8. Suppose 6 = -t*l + 42. Suppose -5*b - 4*q + l*q - 20 = 0, -4 = -4*q. Let f(v) = v**2 + 3*v - 1. Determine f(b).
-1
Let l(p) = 10*p - 1. Let d(i) = -19*i + 2. Let h(o) = 6*d(o) + 11*l(o). What is h(5)?
-19
Let z(f) = f**3 + f**2 - f + 6. Let k be z(0). Suppose 0*s = 2*s + k. Let p(j) = 3*j - 1. Let i(x) = 4*x - 1. Let w(y) = -2*i(y) + 3*p(y). Calculate w(s).
-4
Let n(t) = 7*t**3 + 4*t**2 + 4*t + 4. Let o(r) = -6*r**3 - 4*r**2 - 3*r - 3. Let h(w) = 5*n(w) + 6*o(w). What is h(-3)?
-13
Let z(w) = w - 2. Let p be z(7). Suppose 0*b = -p*b. Let h(o) = b + 3*o**2 + 0*o**3 - 1 - o**3. Determine h(3).
-1
Let t(i) = i - i - 3*i**2 - 5 - 2*i - i**2. Let p(g) = g**2 + g + 1. Let h(n) = -5*p(n) - t(n). What is h(-3)?
0
Let h = 34 - 42. Let x(p) = p + 10. Determine x(h).
2
Let p(d) = 2*d + 1. Let m be p(2). Let h(j) = 3 + j - m + 0. Let o be 1 - 4 - -5*1. Determine h(o).
0
Let k(p) be the second derivative of p**4/12 - 2*p**3/3 + p**2 + 10*p. What is k(4)?
2
Let c(o) = o**3 - 9*o**2 + 10*o - 6. Let j(u) = 3*u**3 - 28*u**2 + 31*u - 19. Let b(q) = -7*c(q) + 2*j(q). Calculate b(6).
-8
Let b(s) = s + 6. Let a be b(8). Suppose -2*n + 6 - a = 0. Let x(k) = -k**2 - 4*k - 1. Give x(n).
-1
Let m(z) = -3*z - 1. Let f be m(-1). Suppose u + 2*u - n = 3, 0 = -f*u - 5*n - 15. Let q(b) = -b**2 + b - 7. What is q(u)?
-7
Suppose -2*t = 2*o + 2*o - 24, -5*o + 21 = -2*t. Let m(h) = -1 + 2 - 6*h**2 - h + 4*h - o*h. Suppose -5*a + 6 = 1. What is m(a)?
-7
Let b(t) be the third derivative of t**5/30 + 5*t**4/24 - 2*t**3/3 - 14*t**2. Let y be 4*1/1*-1. Give b(y).
8
Let u(s) = s**2 - 2*s - 8. Let i(q) = q**3 + 10*q**2 - 2*q - 14. Let t be i(-10). Calculate u(t).
16
Let o(j) = 7*j + 3. Let m = 20 - 2. Let k = 16 - m. What is o(k)?
-11
Let m(w) = 3*w - 4. Let r be m(3). Let l(f) = 3*f - 5 + f - r*f. Let p be (1/2)/(2/(-16)). Determine l(p).
-1
Let i = 2 - 0. Suppose -2*z = i*z + 8. Let h(r) = -19*r - 16*r - 3 + 38*r + 4. Give h(z).
-5
Let o(m) = -2*m**2 - 4*m + 1. Let w be o(-3). Let v be 1*0*1/3. Let j(x) = 5*x + 2 + 4*x**2 - 3*x**2 + v*x. Calculate j(w).
2
Let l = 2 - 0. Let c(v) = l*v - 3 - v**2 - 4*v**2 